{"id":41,"date":"2022-03-09T17:45:41","date_gmt":"2022-03-09T20:45:41","guid":{"rendered":"http:\/\/www5.centraldedominio.com.br\/new\/?page_id=41"},"modified":"2022-03-12T15:13:17","modified_gmt":"2022-03-12T18:13:17","slug":"terceirizacao-de-ti","status":"publish","type":"page","link":"https:\/\/www5.centraldedominio.com.br\/new\/terceirizacao-de-ti\/","title":{"rendered":"TERCEIRIZA\u00c7\u00c3O DE TI"},"content":{"rendered":"\n<p><strong>&nbsp;Deixe os Desafios e Problemas de TI Conosco, e Pense no seu Neg\u00f3cio.<\/strong><\/p>\n\n\n\n<p>Ter uma equipe de TI interna pode ser altamente desafiador. Por conta disso, as empresas optam pela&nbsp;<strong>terceiriza\u00e7\u00e3o de TI<\/strong>, que muitas vezes se mostra como a op\u00e7\u00e3o com o melhor custo-benef\u00edcio.&nbsp;<\/p>\n\n\n\n<p>A terceiriza\u00e7\u00e3o dos servi\u00e7os de TI est\u00e1 se tornando mais f\u00e1cil e gratificante, pois a&nbsp;Central de Dominio&nbsp;oferece&nbsp;<a href=\"https:\/\/llevon.com.br\/servicos-e-solucoes\/\" target=\"_blank\" rel=\"noreferrer noopener\">servi\u00e7os<\/a>&nbsp;escalon\u00e1veis \u00e0s necessidades de sua empresa sem grandes investimentos em infraestrutura.<\/p>\n\n\n\n<p>Afinal, esses servi\u00e7os d\u00e3o \u00e0s&nbsp;<a href=\"https:\/\/llevon.com.br\/helpdesk-pequenas-empresas\/\" target=\"_blank\" rel=\"noreferrer noopener\">pequenas e m\u00e9dias empresas<\/a>&nbsp;a capacidade de competir com empresas maiores.<\/p>\n\n\n\n<p>Ali\u00e1s, a terceiriza\u00e7\u00e3o de servi\u00e7os tamb\u00e9m proporciona \u00e0s grandes empresas os recursos, a&nbsp;<a href=\"https:\/\/llevon.com.br\/seguranca\/\" target=\"_blank\" rel=\"noreferrer noopener\">seguran\u00e7a<\/a>&nbsp;e o planejamento estrat\u00e9gico de que precisam.<\/p>\n\n\n\n<p>BENEF\u00cdCIOS DA TERCEIRIZA\u00c7\u00c3O DE TI<\/p>\n\n\n\n<p><strong>1. Controle de custos<\/strong><\/p>\n\n\n\n<p>A terceiriza\u00e7\u00e3o de TI, converte os custos fixos de TI em custos vari\u00e1veis e permite que voc\u00ea fa\u00e7a um or\u00e7amento eficaz, economizando sempre que poss\u00edvel.<\/p>\n\n\n\n<p>Em outras palavras, pague apenas pelo que voc\u00ea usa, e apenas quando precisa.<\/p>\n\n\n\n<p><strong>2. Redu\u00e7\u00e3o dos Custos de M\u00e3o-de-Obra<\/strong><\/p>\n\n\n\n<p>Contratar e treinar uma equipe de TI pode ser muito caro, no entanto, os funcion\u00e1rios tempor\u00e1rios nem sempre correspondem \u00e0s suas expectativas.<\/p>\n\n\n\n<p>A terceiriza\u00e7\u00e3o de TI permite que voc\u00ea concentre seus recursos humanos onde voc\u00ea mais precisa, que muitas vezes n\u00e3o \u00e9 o setor de TI e sim o de vendas, marketing ou atendimento.<\/p>\n\n\n\n<p><strong>3. Qualifica\u00e7\u00e3o + Experi\u00eancia<\/strong><\/p>\n\n\n\n<p>Contratar a&nbsp;Central de Dominio&nbsp;\u00e9 contar imediatamente com profissionais mais que qualificados e experientes, afinal, se voc\u00ea n\u00e3o \u00e9 treinado em TI, como garantir que um funcion\u00e1rio esteja qualificado ?&nbsp;Uma equipe de TI precisa ser altamente qualificada, o que inclui alguns cursos e certificados, no entanto, isso n\u00e3o \u00e9 o suficiente.<\/p>\n\n\n\n<p>Se voc\u00ea fica doente, prefere um m\u00e9dico com anos de estrada ou um estudante de medicina j\u00e1 \u00e9 o suficiente? Todos n\u00f3s prefer\u00edamos um m\u00e9dico experiente; o mesmo \u00e9 verdade para a TI.<\/p>\n\n\n\n<p><strong>4. Aumento da efici\u00eancia e da competitividade<\/strong><\/p>\n\n\n\n<p>As organiza\u00e7\u00f5es que tentam fazer todos os servi\u00e7os de TI internamente podem ter um tempo de pesquisa, desenvolvimento e implementa\u00e7\u00e3o muito maior, o que sem d\u00favida, aumentar\u00e1 consideravelmente seus custos.<\/p>\n\n\n\n<p>A Terceiriza\u00e7\u00e3o de TI oferece muitos servi\u00e7os no pacote de servi\u00e7os, onde o custo poder\u00e1 ser gratuito se escolhermos produtos open-source.<\/p>\n\n\n\n<p><strong>5. Implementa\u00e7\u00e3o r\u00e1pida da nova tecnologia<\/strong><\/p>\n\n\n\n<p>A Terceiriza\u00e7\u00e3o de TI da&nbsp;Central de Dominio&nbsp;oferece servi\u00e7os de TI de alta qualidade, assim sendo, ter\u00e1 os recursos para iniciar novos projetos imediatamente.&nbsp;Lidar com o mesmo projeto internamente pode envolver semanas ou meses para contratar as pessoas certas, trein\u00e1-las e fornecer o suporte necess\u00e1rio.&nbsp;Para a maioria das implementa\u00e7\u00f5es, a&nbsp;Central de Dominio&nbsp;trar\u00e1 anos de experi\u00eancia logo no come\u00e7o, economizando tempo e dinheiro.<\/p>\n\n\n\n<p><strong>6. Foco no seu core business<\/strong><\/p>\n\n\n\n<p>N\u00e3o s\u00f3 as empresas t\u00eam recursos limitados, mas tamb\u00e9m cada gerente tem tempo e aten\u00e7\u00e3o limitados.<\/p>\n\n\n\n<p>A Terceiriza\u00e7\u00e3o de TI pode ajudar sua empresa a manter o foco em seu&nbsp;<em>core business,<\/em>&nbsp;isto \u00e9,&nbsp;n\u00e3o se distrair com decis\u00f5es complexas de TI.<\/p>\n\n\n\n<p><strong>7. Redu\u00e7\u00e3o do risco<\/strong><\/p>\n\n\n\n<p>Todo investimento empresarial carrega uma certa quantidade de risco, concorda?<\/p>\n\n\n\n<p>Condi\u00e7\u00f5es de mercado, n\u00edvel da concorr\u00eancia, regulamenta\u00e7\u00f5es governamentais, condi\u00e7\u00f5es financeiras e tecnologias mudam muito rapidamente.<\/p>\n\n\n\n<p><strong>8. Nivelamento do campo de jogo<\/strong><\/p>\n\n\n\n<p>A maioria das pequenas empresas n\u00e3o pode se equiparar aos servi\u00e7os internos de suporte que as empresas maiores mant\u00eam.<\/p>\n\n\n\n<p>A Terceiriza\u00e7\u00e3o de TI da&nbsp;<strong>Central de Dominio&nbsp;<\/strong>pode ajudar as pequenas empresas a agir de forma \u201cgrande\u201d, para que tenham acesso \u00e0 tecnologia similar e \u00e0 expertise que as grandes empresas desfrutam.<\/p>\n\n\n\n<p>Uma estrutura de custos gerenciada pela&nbsp;<strong>Central de Dominio<\/strong>&nbsp;pode&nbsp; embutir uma&nbsp;economia de escala e oferecer \u00e0 sua empresa uma vantagem competitiva.<\/p>\n\n\n\n<p><strong>Alguns Diferenciais da Central de Dominio<\/strong><\/p>\n\n\n\n<p>Ainda n\u00e3o tem certeza se vai terceirizar ou n\u00e3o? Veja alguns motivos :<\/p>\n\n\n\n<p><strong>Equipe Terceirizada ter\u00e1 Acesso Priorit\u00e1rio \u00e0 especialistas<\/strong><\/p>\n\n\n\n<p>Toda as Equipes Terceirizadas, seja apenas um T\u00e9cnico , ou um Time maior , necessitar\u00e1 sempre de um especialista em um produto ou servi\u00e7o, a&nbsp;<strong><strong>Central de Dominio<\/strong><\/strong>&nbsp;mant\u00e9m uma equipe de retaguarda com especialidades e prontos para ajudar ao Terceirizado sobre diversas demandas.<\/p>\n\n\n\n<p>Este diferencial far\u00e1 total diferencia em situa\u00e7\u00f5es criticas, afinal, sua empresa n\u00e3o pode parar, mas tem a Terceiriza\u00e7\u00e3o de TI da&nbsp;<strong><strong>Central de Dominio<\/strong><\/strong><\/p>\n\n\n\n<p><strong>F\u00e9rias e Faltas&nbsp;<\/strong><\/p>\n\n\n\n<p>A Terceiriza\u00e7\u00e3o de TI da Central de Dominio, sempre mant\u00e9m T\u00e9cnicos para eventualidades, onde poderemos enviar t\u00e9cnicos para sua empresa em caso de eventualidades.<\/p>\n\n\n\n<p>Promovemos sempre, o rodizio de t\u00e9cnicos, com os t\u00e9cnicos da&nbsp;<strong>Central de Dominio<\/strong>, pois nosso objetivo ser\u00e1 sempre conhecer melhor a estrutura de sua empresa, assim o t\u00e9cnico que est\u00e1 na sua empresa hoje, poder\u00e1 consultar outro t\u00e9cnico que j\u00e1 esteve Terceirizado na sua empresa.<strong>&nbsp;<\/strong><\/p>\n\n\n\n<p>INCLUSO MONITORAMENTOS<\/p>\n\n\n\n<p>Alguns monitoramentos instalamos em todos os contratos, sem custo, &nbsp;entende ser essencial para o Cliente ter um estabilidade na estrutura de sua empresa, a fim de&nbsp;ter previsibilidade de problemas e solu\u00e7\u00f5es&nbsp; :<\/p>\n\n\n\n<p><strong>Monitoramento de Patches de Servidores e Terminais<\/strong><\/p>\n\n\n\n<p>Todos as novas atualiza\u00e7\u00f5es dos servidores e terminais ser\u00e3o avisados aos t\u00e9cnicos e o Helpdesk, onde poderemos estabelecer prioridades para instala\u00e7\u00e3o e principalmente saber quais servidores e terminais est\u00e3o desatualizados.<\/p>\n\n\n\n<p><strong>Monitoramento de Links de Internet&nbsp;<\/strong><\/p>\n\n\n\n<p>Monitorar link de internet \u00e9 importante para termos informa\u00e7\u00f5es sobre o SLA dos links e prover a troca ou n\u00e3o dele., bem como saber que uma falha de servi\u00e7o pode ser por causa de um link fora ou degradado.<\/p>\n\n\n\n<p><strong>Monitoramento de Servidores e Servi\u00e7os<\/strong><\/p>\n\n\n\n<p>Monitoramos todos os servi\u00e7os e servidores de sua estrutura , pois somente assim poderemos prever problemas e propor solu\u00e7\u00f5es antecipando problemas.<\/p>\n\n\n\n<p><strong>Invent\u00e1rio de Hardware<\/strong><\/p>\n\n\n\n<p>Atualizamos o invent\u00e1rio de hardware , em tempo-real, assim podemos ser informados quanto a mudan\u00e7a de hardware.<\/p>\n\n\n\n<p><strong>Invent\u00e1rio de Software&nbsp;<\/strong><\/p>\n\n\n\n<p>Atualizamos o invent\u00e1rio de software em tempo-real, desta forma os t\u00e9cnicos e o Helpdesk,\u00a0ser\u00e3o avisados caso algum software seja instalado ou removido.<\/p>\n\n\n\n<p>Qualquer duvida entre em <a href=\"http:\/\/www5.centraldedominio.com.br\/new\/contato\/\">contato<\/a><\/p>\n","protected":false},"excerpt":{"rendered":"<p>&nbsp;Deixe os Desafios e Problemas de TI Conosco, e Pense no seu Neg\u00f3cio. Ter uma equipe de TI interna pode &hellip; <a href=\"https:\/\/www5.centraldedominio.com.br\/new\/terceirizacao-de-ti\/\" class=\"more-link\">Continue reading <span class=\"screen-reader-text\">TERCEIRIZA\u00c7\u00c3O DE TI<\/span><\/a><\/p>\n","protected":false},"author":1,"featured_media":0,"parent":0,"menu_order":0,"comment_status":"closed","ping_status":"closed","template":"","meta":{"footnotes":""},"class_list":["post-41","page","type-page","status-publish","hentry"],"yoast_head":"<!-- This site is optimized with the Yoast SEO plugin v27.5 - https:\/\/yoast.com\/product\/yoast-seo-wordpress\/ -->\n<title>TERCEIRIZA\u00c7\u00c3O DE TI - Central de Dominio %<\/title>\n<meta name=\"description\" content=\"TERCEIRIZA\u00c7\u00c3O DE TI Central de Dominio -\" \/>\n<meta name=\"robots\" content=\"index, follow, max-snippet:-1, max-image-preview:large, max-video-preview:-1\" \/>\n<link rel=\"canonical\" href=\"https:\/\/www5.centraldedominio.com.br\/new\/terceirizacao-de-ti\/\" \/>\n<meta property=\"og:locale\" content=\"pt_BR\" \/>\n<meta property=\"og:type\" content=\"article\" \/>\n<meta property=\"og:title\" content=\"TERCEIRIZA\u00c7\u00c3O DE TI - Central de Dominio %\" \/>\n<meta property=\"og:description\" content=\"TERCEIRIZA\u00c7\u00c3O DE TI Central de Dominio -\" \/>\n<meta property=\"og:url\" content=\"https:\/\/www5.centraldedominio.com.br\/new\/terceirizacao-de-ti\/\" \/>\n<meta property=\"og:site_name\" content=\"Central de Dominio\" \/>\n<meta property=\"article:modified_time\" content=\"2022-03-12T18:13:17+00:00\" \/>\n<meta name=\"twitter:card\" content=\"summary_large_image\" \/>\n<meta name=\"twitter:label1\" content=\"Est. tempo de leitura\" \/>\n\t<meta name=\"twitter:data1\" content=\"6 minutos\" \/>\n<script type=\"application\/ld+json\" class=\"yoast-schema-graph\">{\"@context\":\"https:\\\/\\\/schema.org\",\"@graph\":[{\"@type\":\"WebPage\",\"@id\":\"https:\\\/\\\/www5.centraldedominio.com.br\\\/new\\\/terceirizacao-de-ti\\\/\",\"url\":\"https:\\\/\\\/www5.centraldedominio.com.br\\\/new\\\/terceirizacao-de-ti\\\/\",\"name\":\"TERCEIRIZA\u00c7\u00c3O DE TI - Central de Dominio %\",\"isPartOf\":{\"@id\":\"https:\\\/\\\/www5.centraldedominio.com.br\\\/new\\\/#website\"},\"datePublished\":\"2022-03-09T20:45:41+00:00\",\"dateModified\":\"2022-03-12T18:13:17+00:00\",\"description\":\"TERCEIRIZA\u00c7\u00c3O DE TI Central de Dominio -\",\"breadcrumb\":{\"@id\":\"https:\\\/\\\/www5.centraldedominio.com.br\\\/new\\\/terceirizacao-de-ti\\\/#breadcrumb\"},\"inLanguage\":\"pt-BR\",\"potentialAction\":[{\"@type\":\"ReadAction\",\"target\":[\"https:\\\/\\\/www5.centraldedominio.com.br\\\/new\\\/terceirizacao-de-ti\\\/\"]}]},{\"@type\":\"BreadcrumbList\",\"@id\":\"https:\\\/\\\/www5.centraldedominio.com.br\\\/new\\\/terceirizacao-de-ti\\\/#breadcrumb\",\"itemListElement\":[{\"@type\":\"ListItem\",\"position\":1,\"name\":\"In\u00edcio\",\"item\":\"https:\\\/\\\/www5.centraldedominio.com.br\\\/new\\\/\"},{\"@type\":\"ListItem\",\"position\":2,\"name\":\"TERCEIRIZA\u00c7\u00c3O DE TI\"}]},{\"@type\":\"WebSite\",\"@id\":\"https:\\\/\\\/www5.centraldedominio.com.br\\\/new\\\/#website\",\"url\":\"https:\\\/\\\/www5.centraldedominio.com.br\\\/new\\\/\",\"name\":\"Central de Dominio\",\"description\":\"Hospedagem de Sites, Cloud Computing, Registro de Dominios, E-mail Profissional\",\"publisher\":{\"@id\":\"https:\\\/\\\/www5.centraldedominio.com.br\\\/new\\\/#organization\"},\"potentialAction\":[{\"@type\":\"SearchAction\",\"target\":{\"@type\":\"EntryPoint\",\"urlTemplate\":\"https:\\\/\\\/www5.centraldedominio.com.br\\\/new\\\/?s={search_term_string}\"},\"query-input\":{\"@type\":\"PropertyValueSpecification\",\"valueRequired\":true,\"valueName\":\"search_term_string\"}}],\"inLanguage\":\"pt-BR\"},{\"@type\":\"Organization\",\"@id\":\"https:\\\/\\\/www5.centraldedominio.com.br\\\/new\\\/#organization\",\"name\":\"Central de Dominio\",\"url\":\"https:\\\/\\\/www5.centraldedominio.com.br\\\/new\\\/\",\"logo\":{\"@type\":\"ImageObject\",\"inLanguage\":\"pt-BR\",\"@id\":\"https:\\\/\\\/www5.centraldedominio.com.br\\\/new\\\/#\\\/schema\\\/logo\\\/image\\\/\",\"url\":\"http:\\\/\\\/www5.centraldedominio.com.br\\\/new\\\/wp-content\\\/uploads\\\/2022\\\/03\\\/logo_central.gif\",\"contentUrl\":\"http:\\\/\\\/www5.centraldedominio.com.br\\\/new\\\/wp-content\\\/uploads\\\/2022\\\/03\\\/logo_central.gif\",\"width\":212,\"height\":79,\"caption\":\"Central de Dominio\"},\"image\":{\"@id\":\"https:\\\/\\\/www5.centraldedominio.com.br\\\/new\\\/#\\\/schema\\\/logo\\\/image\\\/\"}}]}<\/script>\n<!-- \/ Yoast SEO plugin. -->","yoast_head_json":{"title":"TERCEIRIZA\u00c7\u00c3O DE TI - Central de Dominio %","description":"TERCEIRIZA\u00c7\u00c3O DE TI Central de Dominio -","robots":{"index":"index","follow":"follow","max-snippet":"max-snippet:-1","max-image-preview":"max-image-preview:large","max-video-preview":"max-video-preview:-1"},"canonical":"https:\/\/www5.centraldedominio.com.br\/new\/terceirizacao-de-ti\/","og_locale":"pt_BR","og_type":"article","og_title":"TERCEIRIZA\u00c7\u00c3O DE TI - Central de Dominio %","og_description":"TERCEIRIZA\u00c7\u00c3O DE TI Central de Dominio -","og_url":"https:\/\/www5.centraldedominio.com.br\/new\/terceirizacao-de-ti\/","og_site_name":"Central de Dominio","article_modified_time":"2022-03-12T18:13:17+00:00","twitter_card":"summary_large_image","twitter_misc":{"Est. tempo de leitura":"6 minutos"},"schema":{"@context":"https:\/\/schema.org","@graph":[{"@type":"WebPage","@id":"https:\/\/www5.centraldedominio.com.br\/new\/terceirizacao-de-ti\/","url":"https:\/\/www5.centraldedominio.com.br\/new\/terceirizacao-de-ti\/","name":"TERCEIRIZA\u00c7\u00c3O DE TI - Central de Dominio %","isPartOf":{"@id":"https:\/\/www5.centraldedominio.com.br\/new\/#website"},"datePublished":"2022-03-09T20:45:41+00:00","dateModified":"2022-03-12T18:13:17+00:00","description":"TERCEIRIZA\u00c7\u00c3O DE TI Central de Dominio -","breadcrumb":{"@id":"https:\/\/www5.centraldedominio.com.br\/new\/terceirizacao-de-ti\/#breadcrumb"},"inLanguage":"pt-BR","potentialAction":[{"@type":"ReadAction","target":["https:\/\/www5.centraldedominio.com.br\/new\/terceirizacao-de-ti\/"]}]},{"@type":"BreadcrumbList","@id":"https:\/\/www5.centraldedominio.com.br\/new\/terceirizacao-de-ti\/#breadcrumb","itemListElement":[{"@type":"ListItem","position":1,"name":"In\u00edcio","item":"https:\/\/www5.centraldedominio.com.br\/new\/"},{"@type":"ListItem","position":2,"name":"TERCEIRIZA\u00c7\u00c3O DE TI"}]},{"@type":"WebSite","@id":"https:\/\/www5.centraldedominio.com.br\/new\/#website","url":"https:\/\/www5.centraldedominio.com.br\/new\/","name":"Central de Dominio","description":"Hospedagem de Sites, Cloud Computing, Registro de Dominios, E-mail Profissional","publisher":{"@id":"https:\/\/www5.centraldedominio.com.br\/new\/#organization"},"potentialAction":[{"@type":"SearchAction","target":{"@type":"EntryPoint","urlTemplate":"https:\/\/www5.centraldedominio.com.br\/new\/?s={search_term_string}"},"query-input":{"@type":"PropertyValueSpecification","valueRequired":true,"valueName":"search_term_string"}}],"inLanguage":"pt-BR"},{"@type":"Organization","@id":"https:\/\/www5.centraldedominio.com.br\/new\/#organization","name":"Central de Dominio","url":"https:\/\/www5.centraldedominio.com.br\/new\/","logo":{"@type":"ImageObject","inLanguage":"pt-BR","@id":"https:\/\/www5.centraldedominio.com.br\/new\/#\/schema\/logo\/image\/","url":"http:\/\/www5.centraldedominio.com.br\/new\/wp-content\/uploads\/2022\/03\/logo_central.gif","contentUrl":"http:\/\/www5.centraldedominio.com.br\/new\/wp-content\/uploads\/2022\/03\/logo_central.gif","width":212,"height":79,"caption":"Central de Dominio"},"image":{"@id":"https:\/\/www5.centraldedominio.com.br\/new\/#\/schema\/logo\/image\/"}}]}},"jetpack_sharing_enabled":true,"_links":{"self":[{"href":"https:\/\/www5.centraldedominio.com.br\/new\/wp-json\/wp\/v2\/pages\/41","targetHints":{"allow":["GET"]}}],"collection":[{"href":"https:\/\/www5.centraldedominio.com.br\/new\/wp-json\/wp\/v2\/pages"}],"about":[{"href":"https:\/\/www5.centraldedominio.com.br\/new\/wp-json\/wp\/v2\/types\/page"}],"author":[{"embeddable":true,"href":"https:\/\/www5.centraldedominio.com.br\/new\/wp-json\/wp\/v2\/users\/1"}],"replies":[{"embeddable":true,"href":"https:\/\/www5.centraldedominio.com.br\/new\/wp-json\/wp\/v2\/comments?post=41"}],"version-history":[{"count":8,"href":"https:\/\/www5.centraldedominio.com.br\/new\/wp-json\/wp\/v2\/pages\/41\/revisions"}],"predecessor-version":[{"id":344,"href":"https:\/\/www5.centraldedominio.com.br\/new\/wp-json\/wp\/v2\/pages\/41\/revisions\/344"}],"wp:attachment":[{"href":"https:\/\/www5.centraldedominio.com.br\/new\/wp-json\/wp\/v2\/media?parent=41"}],"curies":[{"name":"wp","href":"https:\/\/api.w.org\/{rel}","templated":true}]}}