{"id":95,"date":"2022-03-10T08:02:40","date_gmt":"2022-03-10T11:02:40","guid":{"rendered":"http:\/\/www5.centraldedominio.com.br\/new\/?page_id=95"},"modified":"2024-12-23T18:48:16","modified_gmt":"2024-12-23T21:48:16","slug":"quem-somos","status":"publish","type":"page","link":"https:\/\/www5.centraldedominio.com.br\/new\/quem-somos\/","title":{"rendered":"QUEM SOMOS ?"},"content":{"rendered":"\n<p>A <strong>Central de DOMINIO<\/strong>, fundada em 1996, \u00e9 pioneira no mercado de tecnologia, acompanhando desde os prim\u00f3rdios da internet comercial, com conex\u00f5es discadas, at\u00e9 os projetos mais inovadores da era digital. Com mais de duas d\u00e9cadas de experi\u00eancia, a empresa desempenhou um papel essencial na transforma\u00e7\u00e3o digital, oferecendo solu\u00e7\u00f5es tecnol\u00f3gicas confi\u00e1veis e personalizadas para empresas de todos os tamanhos.<\/p>\n\n\n\n<p>A Central de DOMINIO destaca-se por sua <strong>estrutura pr\u00f3pria de servidores de e-mail<\/strong> de alta capacidade, garantindo comunica\u00e7\u00e3o corporativa segura e eficiente, e por seus <strong>servidores de hospedagem<\/strong> robustos, que asseguram alta disponibilidade e desempenho para projetos online.<\/p>\n\n\n\n<p>Al\u00e9m disso, sua plataforma exclusiva de <strong>Super Cloud<\/strong> oferece solu\u00e7\u00f5es escal\u00e1veis para grandes demandas, como aplica\u00e7\u00f5es ERP e bancos de dados, combinando seguran\u00e7a, estabilidade e desempenho incompar\u00e1veis, com recursos \u00fanicos no mercado.<\/p>\n\n\n\n<p>Com um hist\u00f3rico de inova\u00e7\u00e3o e excel\u00eancia, a Central de DOMINIO continua sendo uma refer\u00eancia em servi\u00e7os digitais, adaptando-se \u00e0s constantes transforma\u00e7\u00f5es do mercado e contribuindo para o sucesso de seus clientes no ambiente online.<\/p>\n\n\n\n<p>Como resultado, para que tudo isso aconte\u00e7a, contamos com uma&nbsp;<a href=\"http:\/\/www5.centraldedominio.com.br\/new\/contato\/\" target=\"_blank\" rel=\"noreferrer noopener\">equipe<\/a>&nbsp;de profissionais altamente qualificados que fazem a empresa reconhecida pela responsabilidade, transpar\u00eancia e efici\u00eancia de suas&nbsp;<a href=\"http:\/\/www5.centraldedominio.com.br\/new\/contato\/\">solu\u00e7\u00f5es<\/a>.<\/p>\n\n\n\n<p><strong>NOSSA MISS\u00c3O<\/strong><\/p>\n\n\n\n<p>Ser refer\u00eancia no mercado ao oferecer servi\u00e7os e solu\u00e7\u00f5es de tecnologia inovadoras e de excel\u00eancia, garantindo a continuidade e o crescimento sustent\u00e1vel dos neg\u00f3cios de nossos clientes.<\/p>\n\n\n\n<p><strong>VALORES<\/strong><\/p>\n\n\n\n<ul class=\"wp-block-list\">\n<li>Comprometimento<\/li>\n\n\n\n<li>\u00c9tica<\/li>\n\n\n\n<li>Transpar\u00eancia<\/li>\n\n\n\n<li>Respeito<\/li>\n\n\n\n<li>Inova\u00e7\u00e3o<\/li>\n<\/ul>\n\n\n\n<p><\/p>\n","protected":false},"excerpt":{"rendered":"<p>A Central de DOMINIO, fundada em 1996, \u00e9 pioneira no mercado de tecnologia, acompanhando desde os prim\u00f3rdios da internet comercial, &hellip; <a href=\"https:\/\/www5.centraldedominio.com.br\/new\/quem-somos\/\" class=\"more-link\">Continue reading <span class=\"screen-reader-text\">QUEM SOMOS ?<\/span><\/a><\/p>\n","protected":false},"author":1,"featured_media":0,"parent":0,"menu_order":0,"comment_status":"closed","ping_status":"closed","template":"","meta":{"footnotes":""},"class_list":["post-95","page","type-page","status-publish","hentry"],"yoast_head":"<!-- This site is optimized with the Yoast SEO plugin v27.5 - https:\/\/yoast.com\/product\/yoast-seo-wordpress\/ -->\n<title>QUEM SOMOS ? - Central de Dominio %<\/title>\n<meta name=\"description\" content=\"QUEM SOMOS ? Central de Dominio -\" \/>\n<meta name=\"robots\" content=\"index, follow, max-snippet:-1, max-image-preview:large, max-video-preview:-1\" \/>\n<link rel=\"canonical\" href=\"https:\/\/www5.centraldedominio.com.br\/new\/quem-somos\/\" \/>\n<meta property=\"og:locale\" content=\"pt_BR\" \/>\n<meta property=\"og:type\" content=\"article\" \/>\n<meta property=\"og:title\" content=\"QUEM SOMOS ? - Central de Dominio %\" \/>\n<meta property=\"og:description\" content=\"QUEM SOMOS ? Central de Dominio -\" \/>\n<meta property=\"og:url\" content=\"https:\/\/www5.centraldedominio.com.br\/new\/quem-somos\/\" \/>\n<meta property=\"og:site_name\" content=\"Central de Dominio\" \/>\n<meta property=\"article:modified_time\" content=\"2024-12-23T21:48:16+00:00\" \/>\n<meta name=\"twitter:card\" content=\"summary_large_image\" \/>\n<meta name=\"twitter:label1\" content=\"Est. tempo de leitura\" \/>\n\t<meta name=\"twitter:data1\" content=\"2 minutos\" \/>\n<script type=\"application\/ld+json\" class=\"yoast-schema-graph\">{\"@context\":\"https:\\\/\\\/schema.org\",\"@graph\":[{\"@type\":\"WebPage\",\"@id\":\"https:\\\/\\\/www5.centraldedominio.com.br\\\/new\\\/quem-somos\\\/\",\"url\":\"https:\\\/\\\/www5.centraldedominio.com.br\\\/new\\\/quem-somos\\\/\",\"name\":\"QUEM SOMOS ? - Central de Dominio %\",\"isPartOf\":{\"@id\":\"https:\\\/\\\/www5.centraldedominio.com.br\\\/new\\\/#website\"},\"datePublished\":\"2022-03-10T11:02:40+00:00\",\"dateModified\":\"2024-12-23T21:48:16+00:00\",\"description\":\"QUEM SOMOS ? Central de Dominio -\",\"breadcrumb\":{\"@id\":\"https:\\\/\\\/www5.centraldedominio.com.br\\\/new\\\/quem-somos\\\/#breadcrumb\"},\"inLanguage\":\"pt-BR\",\"potentialAction\":[{\"@type\":\"ReadAction\",\"target\":[\"https:\\\/\\\/www5.centraldedominio.com.br\\\/new\\\/quem-somos\\\/\"]}]},{\"@type\":\"BreadcrumbList\",\"@id\":\"https:\\\/\\\/www5.centraldedominio.com.br\\\/new\\\/quem-somos\\\/#breadcrumb\",\"itemListElement\":[{\"@type\":\"ListItem\",\"position\":1,\"name\":\"In\u00edcio\",\"item\":\"https:\\\/\\\/www5.centraldedominio.com.br\\\/new\\\/\"},{\"@type\":\"ListItem\",\"position\":2,\"name\":\"QUEM SOMOS ?\"}]},{\"@type\":\"WebSite\",\"@id\":\"https:\\\/\\\/www5.centraldedominio.com.br\\\/new\\\/#website\",\"url\":\"https:\\\/\\\/www5.centraldedominio.com.br\\\/new\\\/\",\"name\":\"Central de Dominio\",\"description\":\"Hospedagem de Sites, Cloud Computing, Registro de Dominios, E-mail Profissional\",\"publisher\":{\"@id\":\"https:\\\/\\\/www5.centraldedominio.com.br\\\/new\\\/#organization\"},\"potentialAction\":[{\"@type\":\"SearchAction\",\"target\":{\"@type\":\"EntryPoint\",\"urlTemplate\":\"https:\\\/\\\/www5.centraldedominio.com.br\\\/new\\\/?s={search_term_string}\"},\"query-input\":{\"@type\":\"PropertyValueSpecification\",\"valueRequired\":true,\"valueName\":\"search_term_string\"}}],\"inLanguage\":\"pt-BR\"},{\"@type\":\"Organization\",\"@id\":\"https:\\\/\\\/www5.centraldedominio.com.br\\\/new\\\/#organization\",\"name\":\"Central de Dominio\",\"url\":\"https:\\\/\\\/www5.centraldedominio.com.br\\\/new\\\/\",\"logo\":{\"@type\":\"ImageObject\",\"inLanguage\":\"pt-BR\",\"@id\":\"https:\\\/\\\/www5.centraldedominio.com.br\\\/new\\\/#\\\/schema\\\/logo\\\/image\\\/\",\"url\":\"http:\\\/\\\/www5.centraldedominio.com.br\\\/new\\\/wp-content\\\/uploads\\\/2022\\\/03\\\/logo_central.gif\",\"contentUrl\":\"http:\\\/\\\/www5.centraldedominio.com.br\\\/new\\\/wp-content\\\/uploads\\\/2022\\\/03\\\/logo_central.gif\",\"width\":212,\"height\":79,\"caption\":\"Central de Dominio\"},\"image\":{\"@id\":\"https:\\\/\\\/www5.centraldedominio.com.br\\\/new\\\/#\\\/schema\\\/logo\\\/image\\\/\"}}]}<\/script>\n<!-- \/ Yoast SEO plugin. -->","yoast_head_json":{"title":"QUEM SOMOS ? - Central de Dominio %","description":"QUEM SOMOS ? Central de Dominio -","robots":{"index":"index","follow":"follow","max-snippet":"max-snippet:-1","max-image-preview":"max-image-preview:large","max-video-preview":"max-video-preview:-1"},"canonical":"https:\/\/www5.centraldedominio.com.br\/new\/quem-somos\/","og_locale":"pt_BR","og_type":"article","og_title":"QUEM SOMOS ? - Central de Dominio %","og_description":"QUEM SOMOS ? Central de Dominio -","og_url":"https:\/\/www5.centraldedominio.com.br\/new\/quem-somos\/","og_site_name":"Central de Dominio","article_modified_time":"2024-12-23T21:48:16+00:00","twitter_card":"summary_large_image","twitter_misc":{"Est. tempo de leitura":"2 minutos"},"schema":{"@context":"https:\/\/schema.org","@graph":[{"@type":"WebPage","@id":"https:\/\/www5.centraldedominio.com.br\/new\/quem-somos\/","url":"https:\/\/www5.centraldedominio.com.br\/new\/quem-somos\/","name":"QUEM SOMOS ? - Central de Dominio %","isPartOf":{"@id":"https:\/\/www5.centraldedominio.com.br\/new\/#website"},"datePublished":"2022-03-10T11:02:40+00:00","dateModified":"2024-12-23T21:48:16+00:00","description":"QUEM SOMOS ? Central de Dominio -","breadcrumb":{"@id":"https:\/\/www5.centraldedominio.com.br\/new\/quem-somos\/#breadcrumb"},"inLanguage":"pt-BR","potentialAction":[{"@type":"ReadAction","target":["https:\/\/www5.centraldedominio.com.br\/new\/quem-somos\/"]}]},{"@type":"BreadcrumbList","@id":"https:\/\/www5.centraldedominio.com.br\/new\/quem-somos\/#breadcrumb","itemListElement":[{"@type":"ListItem","position":1,"name":"In\u00edcio","item":"https:\/\/www5.centraldedominio.com.br\/new\/"},{"@type":"ListItem","position":2,"name":"QUEM SOMOS ?"}]},{"@type":"WebSite","@id":"https:\/\/www5.centraldedominio.com.br\/new\/#website","url":"https:\/\/www5.centraldedominio.com.br\/new\/","name":"Central de Dominio","description":"Hospedagem de Sites, Cloud Computing, Registro de Dominios, E-mail Profissional","publisher":{"@id":"https:\/\/www5.centraldedominio.com.br\/new\/#organization"},"potentialAction":[{"@type":"SearchAction","target":{"@type":"EntryPoint","urlTemplate":"https:\/\/www5.centraldedominio.com.br\/new\/?s={search_term_string}"},"query-input":{"@type":"PropertyValueSpecification","valueRequired":true,"valueName":"search_term_string"}}],"inLanguage":"pt-BR"},{"@type":"Organization","@id":"https:\/\/www5.centraldedominio.com.br\/new\/#organization","name":"Central de Dominio","url":"https:\/\/www5.centraldedominio.com.br\/new\/","logo":{"@type":"ImageObject","inLanguage":"pt-BR","@id":"https:\/\/www5.centraldedominio.com.br\/new\/#\/schema\/logo\/image\/","url":"http:\/\/www5.centraldedominio.com.br\/new\/wp-content\/uploads\/2022\/03\/logo_central.gif","contentUrl":"http:\/\/www5.centraldedominio.com.br\/new\/wp-content\/uploads\/2022\/03\/logo_central.gif","width":212,"height":79,"caption":"Central de Dominio"},"image":{"@id":"https:\/\/www5.centraldedominio.com.br\/new\/#\/schema\/logo\/image\/"}}]}},"jetpack_sharing_enabled":true,"_links":{"self":[{"href":"https:\/\/www5.centraldedominio.com.br\/new\/wp-json\/wp\/v2\/pages\/95","targetHints":{"allow":["GET"]}}],"collection":[{"href":"https:\/\/www5.centraldedominio.com.br\/new\/wp-json\/wp\/v2\/pages"}],"about":[{"href":"https:\/\/www5.centraldedominio.com.br\/new\/wp-json\/wp\/v2\/types\/page"}],"author":[{"embeddable":true,"href":"https:\/\/www5.centraldedominio.com.br\/new\/wp-json\/wp\/v2\/users\/1"}],"replies":[{"embeddable":true,"href":"https:\/\/www5.centraldedominio.com.br\/new\/wp-json\/wp\/v2\/comments?post=95"}],"version-history":[{"count":6,"href":"https:\/\/www5.centraldedominio.com.br\/new\/wp-json\/wp\/v2\/pages\/95\/revisions"}],"predecessor-version":[{"id":410,"href":"https:\/\/www5.centraldedominio.com.br\/new\/wp-json\/wp\/v2\/pages\/95\/revisions\/410"}],"wp:attachment":[{"href":"https:\/\/www5.centraldedominio.com.br\/new\/wp-json\/wp\/v2\/media?parent=95"}],"curies":[{"name":"wp","href":"https:\/\/api.w.org\/{rel}","templated":true}]}}